Let w(c) be the third derivative of -7/3*c**3 + 7*c**2 + 0 + 0*c - 1/4*c**4. Let k be w(-4). What is the greatest common divisor of 10 and k?
10
Let q = 1324 - 620. Calculate the highest common factor of q and 22.
22
Suppose -2*m + 10584 = -5*m. Let y be ((-4)/(-11))/2 - m/198. Calculate the greatest common divisor of y and 54.
18
Let i = 160 - 151. Calculate the greatest common divisor of i and 153.
9
Suppose -21*v = -15*v - 1224. Calculate the highest common divisor of v and 36.
12
Suppose 13*j - 36*j + 598 = 0. Suppose 5*w - 1013 + 103 = 0. Calculate the greatest common factor of w and j.
26
Suppose 3*k = 42 - 0. Let y = -366 - -368. Calculate the highest common divisor of k and y.
2
Let g(j) = 3*j + 40. Let q be g(-8). Calculate the greatest common factor of q and 800.
16
Let l(d) = d**3 - 6*d**2 - d + 6. Let r be l(6). Suppose -5*m = -2*b - 40, r*m + 3*m = 4*b + 38. Calculate the highest common factor of m and 24.
6
Suppose 4*g + 28 = 2*o, -5*o = g - 31 - 17. Suppose 5*n - 3*n - o = -4*z, 4*z + 4*n = 4. What is the highest common factor of 1 and z?
1
Let w be (210/9)/2*(13 + -10). Calculate the greatest common factor of w and 315.
35
Let f be 1/((-1)/(-25)*5). Suppose -h + 3 - 70 = 0. Let q = f - h. What is the highest common factor of 9 and q?
9
Let l be 3*2/9*6. Let g = 26 + -54. Let i = 29 + g. What is the highest common factor of i and l?
1
Let r(j) = j**3 - 4*j**2 + j + 6. Let i be r(6). Suppose i = 4*c - c. Calculate the highest common divisor of 70 and c.
14
Suppose 0 = 5*p + 5*a - 4*a - 1331, -3*p - 4*a = -785. Suppose 6 - p = -b. Calculate the highest common divisor of b and 29.
29
Let d be 3 + (-85)/25 + (-356)/10. Let g = 62 + d. Calculate the greatest common factor of g and 260.
26
Let q(s) = 39*s**2 + 1. Suppose 3*x + b = -8, 2*b - 5 = 3*b. Let p be q(x). Suppose v = 57 - 52. What is the greatest common divisor of p and v?
5
Let z be (-37518)/(-182) + (-6)/(-7). Calculate the highest common factor of z and 9.
9
Suppose -m = -1, 4*m + 0*m + 61 = t. What is the greatest common factor of 13 and t?
13
Let q = 67 + -75. Let y be q + (-308)/(-21) + 2/6. Calculate the greatest common divisor of y and 7.
7
Let h = -7 + 35. Let c be 96/9 + (-90)/(-27). What is the greatest common factor of h and c?
14
Let g be (-3)/15 + 42/10. Suppose -g = n + 3*n. Let o be (49 - n)*(-40)/(-25). Calculate the highest common factor of o and 32.
16
Suppose 0*m - 4*m + 54 = 5*q, q - 14 = -4*m. Suppose 138*t = 160*t - 220. Calculate the greatest common divisor of q and t.
10
Suppose 97 = 2*p + 13. What is the greatest common factor of p and 56?
14
Let c = 245 - 162. Let d be 12/36 + c/3. What is the highest common factor of d and 21?
7
Suppose 17*p = 21*p - 3864. Suppose -824 - 132 = -3*k - 2*q, 3*q = 3*k - p. What is the highest common factor of k and 40?
40
Let f = -21 + 25. Suppose 5*w - 127 = -2*q, -12 = -q + f*q. What is the highest common divisor of 189 and w?
27
Let o be 36/(-2)*19/(-19). Suppose -30 - o = -2*m. Calculate the highest common divisor of m and 16.
8
Suppose -6*f = -35 - 19. Let t be -1 - -10*(3 + -2). Suppose q + 4*g + t = 0, -24 = -2*q - q + 5*g. Calculate the greatest common divisor of f and q.
3
Let d be 5 - (-1)/2*18/1. What is the greatest common divisor of 182 and d?
14
Let x be -1 + (-4)/(8/(-14)). Let w be (-3 - 0)/(-1) - x. Let h = w + 26. Calculate the highest common factor of 184 and h.
23
Let x = 214 + -19. What is the greatest common divisor of 15 and x?
15
Suppose 4*t - 73 = 87. Suppose -4*p - 97 = -109. Suppose -2*r - 5 = -3*m, -4*r - r - p*m = -40. Calculate the greatest common divisor of r and t.
5
Let j = -1 - 8. Let d = 15 - j. What is the greatest common divisor of 12 and d?
12
Suppose 836 = -3*k + 887. What is the highest common divisor of 51 and k?
17
Let u(r) = r - 4. Let j be u(6). Suppose 3*w - x = 0, -w - 2*w + j*x = 0. Suppose -m = z - 5*z + 32, w = 4*m. What is the greatest common factor of z and 56?
8
Let h(z) be the first derivative of 8*z + 4*z**2 - 5 + 2/3*z**3. Let i be h(-7). What is the highest common factor of 5 and i?
5
Suppose -2*q + 57 = -3*f, 10*f + 87 = 3*q + 7*f. What is the greatest common factor of 555 and q?
15
Suppose -18*u + 1247 = -1345. Calculate the highest common divisor of u and 18.
18
Let o = 86 + -77. What is the greatest common divisor of 36 and o?
9
Let g(m) = -2*m - 1. Let z be g(-3). Suppose 5*w = -4*o + 56, -z*o + 56 = -o + w. Calculate the highest common factor of o and 14.
14
Let o = 2900 + -1175. What is the highest common factor of o and 207?
69
Let w be (180/6)/(4/(304/6)). Suppose 2*a + 2*k + 2*k - 134 = 0, -5*a - k + w = 0. Calculate the highest common factor of a and 11.
11
Suppose -2*v + 14 = -14. What is the greatest common divisor of v and 4?
2
Let t = -876 - -986. What is the highest common divisor of t and 770?
110
Let s(z) = -33*z - 27. Let d(t) = 8*t + 7. Let q(y) = -15*d(y) - 4*s(y). Let r be q(1). Let o = -3 + r. What is the highest common factor of o and 48?
12
Suppose 68*z + 60 = 72*z. Suppose -3*t = -5*s - 55, -3*t + 2 = 4*s - 35. Calculate the greatest common factor of z and t.
15
Suppose -465 = 5*i - 8*i. What is the greatest common factor of 217 and i?
31
Suppose -u - 10 = 4*u. Let h be (12 - 10)/(((-2)/u)/6). Calculate the greatest common factor of h and 18.
6
Let g be 300/21*(-14)/(-4). Let f = 86 - g. Calculate the greatest common divisor of 396 and f.
36
Let m(a) = 7*a**2 - a - 4. Let g(o) = -o + 1. Let d(w) = w - 8. Let v be d(6). Let t be g(v). Let h be m(t). What is the highest common factor of 7 and h?
7
Let a = 2992 - 2979. Let m be ((-4)/(-5))/((-2)/(-130)). Calculate the highest common divisor of a and m.
13
Suppose 0 = 118*u - 114*u - 200. Let m = 228 - 103. Calculate the greatest common factor of u and m.
25
Suppose 4*p + 96 = z, -2*p = -3*z - 0*p + 258. Let w = 116 - z. What is the highest common factor of w and 32?
32
Let d be 4/(-18) - (-423)/81. Suppose -2*v - 2*v = 2*i + 38, d*v - 5*i = -55. Let q be 25*(12/v)/(-1). Calculate the greatest common factor of q and 15.
15
Let y = 23 - 4. Suppose i - 127*w = -132*w + 100, 3*i - w = 284. What is the greatest common factor of y and i?
19
Let q(m) = -6 + 2*m**2 - 3 - 2*m - 4*m. Let j be q(6). Let l = -7 + j. What is the highest common divisor of 4 and l?
4
Let r be (-38)/(-4) - (-2)/4. Let a = -34 - -24. Let q = a - -30. What is the highest common factor of q and r?
10
Let m(i) = 9*i**3 + i**2 - 3*i + 3. Let p be m(1). Calculate the highest common factor of p and 5.
5
Let t be (30/(-12))/((-2)/4). Suppose o - 30 = 4*n, -o + 33 = -0*o - t*n. What is the greatest common factor of o and 27?
9
Suppose -17*j = -16*j + 2*d - 186, -5*j + 891 = -3*d. Calculate the highest common divisor of j and 240.
60
Let v = -417 + 633. Let o = v - 128. Calculate the greatest common divisor of 16 and o.
8
Suppose -9 = 54*v - 441. Let o(r) = r**3 + r**2 - 2*r. Let d be o(4). Calculate the greatest common factor of d and v.
8
Let o(n) = -44*n + 169. Let k be o(3). What is the highest common divisor of 999 and k?
37
Suppose 0 = -5*w - 25, 3*w + 497 + 158 = 5*v. Let g(i) = i**3 + 6*i**2 - 2*i - 3. Let c be g(-5). Calculate the greatest common factor of v and c.
32
Let z = -35 + 48. Let k be -2 + -1 + (z - 4). Calculate the greatest common factor of 54 and k.
6
Suppose -3*w + 5*x = -40, w + 4*x - 16 = 7*x. Suppose -13*z + 18*z = w. What is the greatest common factor of 5 and z?
1
Let g be ((-38)/(-19))/((-2)/(-9)). Suppose -n + 106 = -g. Suppose 5*z - n = -40. What is the highest common divisor of z and 30?
15
Let q(i) = 2*i + 3*i**2 + 84 - 5*i**2 - i**2 + 2*i**2. Let n be q(0). What is the greatest common divisor of 210 and n?
42
Let n(r) = -2*r + 18. Let l be n(8). Let y(z) = -2 - z + 8*z - 2*z + 7*z. Let p be y(l). What is the highest common factor of p and 2?
2
Suppose 0 = -2*s - 230 - 414. Let i = s - -462. Calculate the greatest common factor of i and 20.
20
Let i(b) = -b**2 + 7*b - 7. Let v be i(5). Suppose -a = 3*p - 11 - 4, 0 = v*a + 9. Suppose 38 = p*x - 34. What is the highest common factor of 24 and x?
12
Suppose 3*c - 36 = 3*m, c - 2 + 5 = -4*m. Suppose -c*g = -1108 - 1169. What is the highest common divisor of g and 23?
23
Let p(w) = -w**3 + 19*w**2 + 22*w + 9. Let g be p(20). What is the greatest comm